 102.
3
Calculate the remainder when 121 is divided by 27.
13
Calculate the remainder when 81 is divided by 69.
12
Calculate the remainder when 1535 is divided by 170.
5
What is the remainder when 44 is divided by 6?
2
Calculate the remainder when 663 is divided by 83.
82
Calculate the remainder when 99 is divided by 13.
8
Calculate the remainder when 125 is divided by 18.
17
Calculate the remainder when 158 is divided by 128.
30
Calculate the remainder when 698 is divided by 16.
10
Calculate the remainder when 417 is divided by 26.
1
Calculate the remainder when 53 is divided by 9.
8
Calculate the remainder when 27 is divided by 5.
2
Calculate the remainder when 96 is divided by 10.
6
What is the remainder when 120 is divided by 31?
27
What is the remainder when 849 is divided by 99?
57
Calculate the remainder when 1253 is divided by 105.
98
Calculate the remainder when 39 is divided by 33.
6
Calculate the remainder when 86 is divided by 20.
6
Calculate the remainder when 233 is divided by 60.
53
What is the remainder when 2121 is divided by 25?
21
Calculate the remainder when 1479 is divided by 114.
111
Calculate the remainder when 12473 is divided by 54.
53
What is the remainder when 499 is divided by 22?
15
Calculate the remainder when 1088 is divided by 28.
24
Calculate the remainder when 371 is divided by 12.
11
Calculate the remainder when 124 is divided by 43.
38
What is the remainder when 106 is divided by 28?
22
Calculate the remainder when 984 is divided by 66.
60
What is the remainder when 241 is divided by 56?
17
Calculate the remainder when 676 is divided by 188.
112
Calculate the remainder when 863 is divided by 204.
47
Calculate the remainder when 28 is divided by 6.
4
What is the remainder when 2660 is divided by 35?
0
What is the remainder when 1519 is divided by 1488?
31
Calculate the remainder when 2493 is divided by 7.
1
Calculate the remainder when 345 is divided by 194.
151
What is the remainder when 394 is divided by 40?
34
What is the remainder when 78 is divided by 27?
24
What is the remainder when 8 is divided by 6?
2
What is the remainder when 63 is divided by 49?
14
Calculate the remainder when 179 is divided by 82.
15
What is the remainder when 7269 is divided by 3629?
11
Calculate the remainder when 2589 is divided by 856.
21
Calculate the remainder when 160 is divided by 29.
15
What is the remainder when 48 is divided by 3?
0
What is the remainder when 88 is divided by 7?
4
What is the remainder when 30 is divided by 17?
13
Calculate the remainder when 10016 is divided by 9.
8
What is the remainder when 76 is divided by 76?
0
What is the remainder when 208 is divided by 5?
3
What is the remainder when 4066 is divided by 194?
186
Calculate the remainder when 1240 is divided by 32.
24
What is the remainder when 227 is divided by 23?
20
Calculate the remainder when 207 is divided by 55.
42
Calculate the remainder when 2265 is divided by 39.
3
What is the remainder when 58 is divided by 24?
10
Calculate the remainder when 169 is divided by 44.
37
Calculate the remainder when 1247 is divided by 26.
25
Calculate the remainder when 4793 is divided by 50.
43
Calculate the remainder when 2075 is divided by 139.
129
What is the remainder when 183 is divided by 93?
90
Calculate the remainder when 134 is divided by 21.
8
What is the remainder when 2559 is divided by 197?
195
What is the remainder when 603 is divided by 55?
53
Calculate the remainder when 7628 is divided by 7.
5
What is the remainder when 221 is divided by 82?
57
What is the remainder when 894 is divided by 112?
110
What is the remainder when 3054 is divided by 3045?
9
What is the remainder when 166 is divided by 29?
21
Calculate the remainder when 17 is divided by 6.
5
What is the remainder when 188 is divided by 10?
8
What is the remainder when 2316 is divided by 15?
6
What is the remainder when 4105 is divided by 111?
109
Calculate the remainder when 2230 is divided by 118.
106
What is the remainder when 55239 is divided by 37?
35
What is the remainder when 1869 is divided by 36?
33
Calculate the remainder when 128 is divided by 81.
47
Calculate the remainder when 91 is divided by 28.
7
What is the remainder when 556 is divided by 542?
14
What is the remainder when 3025 is divided by 17?
16
What is the remainder when 233 is divided by 64?
41
Calculate the remainder when 1129 is divided by 43.
11
Calculate the remainder when 27 is divided by 11.
5
What is the remainder when 6275 is divided by 73?
70
Calculate the remainder when 668 is divided by 169.
161
Calculate the remainder when 4530 is divided by 81.
75
What is the remainder when 638 is divided by 15?
8
What is the remainder when 58 is divided by 38?
20
Calculate the remainder when 23777 is divided by 41.
38
Calculate the remainder when 2206 is divided by 1102.
2
Calculate the remainder when 31 is divided by 9.
4
What is the remainder when 5687 is divided by 184?
167
Calculate the remainder when 20 is divided by 11.
9
Calculate the remainder when 74229 is divided by 18.
15
Calculate the remainder when 382 is divided by 72.
22
What is the remainder when 417 is divided by 35?
32
Calculate the remainder when 710 is divided by 80.
70
What is the remainder when 187 is divided by 5?
2
Calculate the remainder when 30 is divided by 29.
1
What is the remainder when 304 is divided by 97?
13
Calculate the remainder when 1417 is divided by 20.
17
What is the remainder when 206 is divided by 30?
26
What is the remainder when 118 is divided by 8?
6
What is the remainder when 192 is divided by 71?
50
Calculate the remainder when 5071 is divided by 1683.
22
What is the remainder when 84 is divided by 19?
8
What is the remainder when 1012 is divided by 143?
11
What is the remainder when 6 is divided by 5?
1
What is the remainder when 87 is divided by 5?
2
Calculate the remainder when 93 is divided by 52.
41
What is the remainder when 257 is divided by 37?
35
What is the remainder when 1698 is divided by 339?
3
Calculate the remainder when 352 is divided by 100.
52
Calculate the remainder when 361 is divided by 201.
160
What is the remainder when 21 is divided by 12?
9
Calculate the remainder when 134 is divided by 28.
22
Calculate the remainder when 1044 is divided by 106.
90
What is the remainder when 751 is divided by 18?
13
What is the remainder when 349 is divided by 24?
13
What is the remainder when 3771 is divided by 164?
163
What is the remainder when 206 is divided by 44?
30
What is the remainder when 76 is divided by 18?
4
What is the remainder when 415 is divided by 123?
46
Calculate the remainder when 201 is divided by 48.
9
Calculate the remainder when 136 is divided by 5.
1
What is the remainder when 420 is divided by 71?
65
What is the remainder when 2327 is divided by 580?
7
Calculate the remainder when 762 is divided by 96.
90
What is the remainder when 309 is divided by 62?
61
Calculate the remainder when 49 is divided by 27.
22
What is the remainder when 79 is divided by 78?
1
Calculate the remainder when 157 is divided by 59.
39
Calculate the remainder when 916 is divided by 183.
1
Calculate the remainder when 98 is divided by 46.
6
Calculate the remainder when 12832 is divided by 85.
82
Calculate the remainder when 50 is divided by 48.
2
Calculate the remainder when 1137 is divided by 10.
7
What is the remainder when 1117 is divided by 130?
77
What is the remainder when 785 is divided by 130?
5
What is the remainder when 14513 is divided by 2902?
3
What is the remainder when 75 is divided by 38?
37
What is the remainder when 45 is divided by 32?
13
Calculate the remainder when 93 is divided by 14.
9
What is the remainder when 3408 is divided by 50?
8
What is the remainder when 108 is divided by 30?
18
Calculate the remainder when 595 is divided by 46.
43
Calculate the remainder when 150 is divided by 26.
20
Calculate the remainder when 255 is divided by 59.
19
Calculate the remainder when 127 is divided by 67.
60
Calculate the remainder when 724 is divided by 105.
94
What is the remainder when 391 is divided by 136?
119
Calculate the remainder when 2631 is divided by 287.
48
What is the remainder when 44 is divided by 19?
6
Calculate the remainder when 503 is divided by 48.
23
Calculate the re